{"id":12,"date":"2022-03-25T14:21:26","date_gmt":"2022-03-25T14:21:26","guid":{"rendered":"https:\/\/erubilim.erciyes.edu.tr\/?page_id=12"},"modified":"2022-10-27T17:54:31","modified_gmt":"2022-10-27T17:54:31","slug":"yerel-duzenleme-kurlu","status":"publish","type":"page","link":"https:\/\/erubilim.erciyes.edu.tr\/index.php\/yerel-duzenleme-kurlu\/","title":{"rendered":"YEREL D\u00dcZENLEME KURLU"},"content":{"rendered":"\n<ol class=\"wp-block-list\" type=\"1\"><li>Prof. Dr. \u0130brahim NAR\u0130N, Erciyes \u00dcniversitesi Eczac\u0131l\u0131k Fak\u00fcltesi<\/li><li>Prof. Dr. Cevat YAZICI, Erciyes \u00dcniversitesi T\u0131p Fak\u00fcltesi<\/li><li>Prof. Dr. Mustafa Altay ATALAY, Erciyes \u00dcniversitesi T\u0131p Fak\u00fcltesi<\/li><li>Prof. Dr. Selma G\u00d6KAHMETO\u011eLU, Erciyes \u00dcniversitesi T\u0131p Fak\u00fcltesi<\/li><li>Prof. Dr. Abdulhakim \u00c7OSKUN, Erciyes \u00dcniversitesi T\u0131p Fak\u00fcltesi<\/li><li>Prof. Dr. Mustafa Serdar \u00d6NSES, Erciyes \u00dcniversitesi M\u00fchendislik Fak\u00fcltesi<\/li><li>Prof. Dr. Behzat \u00c7\u0130MEN, Erciyes \u00dcniversitesi Eczac\u0131l\u0131k Fak\u00fcltesi<\/li><li>Do\u00e7. Dr. \u0130smail \u00d6\u00c7SOY, Erciyes \u00dcniversitesi Eczac\u0131l\u0131k Fak\u00fcltesi<\/li><li>Do\u00e7. Dr. Nilay ILDIZ, Erciyes \u00dcniversitesi Eczac\u0131l\u0131k Fak\u00fcltesi<\/li><li>&nbsp;Dr. \u00d6\u011fr. \u00dcyesi Esra BALCIO\u011eLU, Erciyes \u00dcniversitesi T\u0131p Fak\u00fcltesi<\/li><\/ol>\n\n\n\n<p><\/p>\n","protected":false},"excerpt":{"rendered":"<p>Prof. Dr. \u0130brahim NAR\u0130N, Erciyes \u00dcniversitesi Eczac\u0131l\u0131k Fak\u00fcltesi Prof. Dr. Cevat YAZICI, Erciyes \u00dcniversitesi T\u0131p Fak\u00fcltesi Prof. Dr. Mustafa Altay ATALAY, Erciyes \u00dcniversitesi T\u0131p Fak\u00fcltesi Prof. Dr. Selma G\u00d6KAHMETO\u011eLU, Erciyes \u00dcniversitesi T\u0131p Fak\u00fcltesi Prof. Dr. Abdulhakim \u00c7OSKUN, Erciyes \u00dcniversitesi T\u0131p Fak\u00fcltesi Prof. Dr. Mustafa Serdar \u00d6NSES, Erciyes \u00dcniversitesi M\u00fchendislik Fak\u00fcltesi Prof. Dr. Behzat \u00c7\u0130MEN, Erciyes [&hellip;]<\/p>\n","protected":false},"author":1,"featured_media":0,"parent":0,"menu_order":0,"comment_status":"closed","ping_status":"closed","template":"","meta":{"footnotes":""},"class_list":["post-12","page","type-page","status-publish","hentry"],"_links":{"self":[{"href":"https:\/\/erubilim.erciyes.edu.tr\/index.php\/wp-json\/wp\/v2\/pages\/12","targetHints":{"allow":["GET"]}}],"collection":[{"href":"https:\/\/erubilim.erciyes.edu.tr\/index.php\/wp-json\/wp\/v2\/pages"}],"about":[{"href":"https:\/\/erubilim.erciyes.edu.tr\/index.php\/wp-json\/wp\/v2\/types\/page"}],"author":[{"embeddable":true,"href":"https:\/\/erubilim.erciyes.edu.tr\/index.php\/wp-json\/wp\/v2\/users\/1"}],"replies":[{"embeddable":true,"href":"https:\/\/erubilim.erciyes.edu.tr\/index.php\/wp-json\/wp\/v2\/comments?post=12"}],"version-history":[{"count":3,"href":"https:\/\/erubilim.erciyes.edu.tr\/index.php\/wp-json\/wp\/v2\/pages\/12\/revisions"}],"predecessor-version":[{"id":74,"href":"https:\/\/erubilim.erciyes.edu.tr\/index.php\/wp-json\/wp\/v2\/pages\/12\/revisions\/74"}],"wp:attachment":[{"href":"https:\/\/erubilim.erciyes.edu.tr\/index.php\/wp-json\/wp\/v2\/media?parent=12"}],"curies":[{"name":"wp","href":"https:\/\/api.w.org\/{rel}","templated":true}]}}