{"id":19,"date":"2022-03-25T14:23:23","date_gmt":"2022-03-25T14:23:23","guid":{"rendered":"https:\/\/erubilim.erciyes.edu.tr\/?page_id=19"},"modified":"2022-10-27T17:49:34","modified_gmt":"2022-10-27T17:49:34","slug":"bilim-proje","status":"publish","type":"page","link":"https:\/\/erubilim.erciyes.edu.tr\/index.php\/bilim-proje\/","title":{"rendered":"B\u0130L\u0130M PROJE"},"content":{"rendered":"\n<p>Etkinli\u011fimiz &#8220;T\u00dcB\u0130TAK 2237-A Bilimsel E\u011fitim Etkinliklerini Destekleme Program\u0131&#8221; taraf\u0131ndan desteklenmekte olup kurslar\u0131m\u0131z \u00fccretsizdir. Kurs sonunda kat\u0131l\u0131mc\u0131lar\u0131m\u0131za Kat\u0131l\u0131m Belgesi verilecektir. Kurslar\u0131m\u0131z <strong>11-14 \u015eubat 2023<\/strong>, <strong>10-13 Mart 2023<\/strong> ve <strong>15-18 Nisan 2023<\/strong> tarihleri aras\u0131nda <strong>\u00c7EVR\u0130M\u0130\u00c7\u0130 <\/strong>olarak ger\u00e7ekle\u015ftirilecektir.<\/p>\n\n\n\n<p>Sa\u011fl\u0131k Bilimleri Alan\u0131nda Lisans \u00d6\u011frencilerine Y\u00f6nelik Akademik Becerilere Giri\u015f ve T\u00dcB\u0130TAK Proje Yazma E\u011fitimi<br>Bu etkinli\u011finin temel amac\u0131, t\u0131p fak\u00fcltesi, di\u015f hekimli\u011fi, eczac\u0131l\u0131k, hem\u015firelik, fizik tedavi ve rehabilitasyon \u00f6\u011frencileri gibi Sa\u011fl\u0131k Bilimleri alan\u0131nda e\u011fitim g\u00f6ren \u00f6\u011frencilere bilimsel y\u00f6nden geli\u015fmelerine katk\u0131da bulunmak, nitelikli bilim insan\u0131n\u0131n yeti\u015fmesi yolunda kazan\u0131mlar sa\u011flayarak fark\u0131ndal\u0131k olu\u015fturmakt\u0131r. T\u00dcB\u0130TAK&#8217;\u0131n sa\u011flayaca\u011f\u0131 desteklerle, farkl\u0131 \u00fcniversitelerde e\u011fitim g\u00f6ren Sa\u011fl\u0131k Bilimleri alan\u0131nda lisans e\u011fitimi g\u00f6ren \u00f6\u011frencilerin bir araya gelmesi sa\u011flanacak olup ortak bir sinerji olu\u015fturarak; \u00f6zge\u00e7mi\u015f haz\u0131rlama, proje \u00f6nerisi yazma, bilimsel toplant\u0131larda sunu yapma vb. konularda tecr\u00fcbe kazanmalar\u0131 hedeflenmi\u015ftir.<\/p>\n\n\n\n<p><strong>Kurs 1 E\u011fitim koordinat\u00f6r\u00fc: Do\u00e7. Dr. \u0130smail \u00d6\u00c7SOY<\/strong><\/p>\n\n\n\n<p><strong>Kurs 2 Etkinlik Koordinat\u00f6r\u00fc<\/strong>: <strong>Dr. \u00d6\u011fr. \u00dcyesi Esra BALCIO\u011eLU\u00a0<\/strong>(<strong>10-13 Mart 2023<\/strong>)<strong>\u00a0<\/strong><\/p>\n\n\n\n<p><strong>Kurs 3 Etkinlik Koordinat\u00f6r\u00fc: Do\u00e7. Dr. Nilay ILDIZ\u00a0<\/strong>(<strong>15-18 Nisan 2023<\/strong>)<\/p>\n","protected":false},"excerpt":{"rendered":"<p>Etkinli\u011fimiz &#8220;T\u00dcB\u0130TAK 2237-A Bilimsel E\u011fitim Etkinliklerini Destekleme Program\u0131&#8221; taraf\u0131ndan desteklenmekte olup kurslar\u0131m\u0131z \u00fccretsizdir. Kurs sonunda kat\u0131l\u0131mc\u0131lar\u0131m\u0131za Kat\u0131l\u0131m Belgesi verilecektir. Kurslar\u0131m\u0131z 11-14 \u015eubat 2023, 10-13 Mart 2023 ve 15-18 Nisan 2023 tarihleri aras\u0131nda \u00c7EVR\u0130M\u0130\u00c7\u0130 olarak ger\u00e7ekle\u015ftirilecektir. Sa\u011fl\u0131k Bilimleri Alan\u0131nda Lisans \u00d6\u011frencilerine Y\u00f6nelik Akademik Becerilere Giri\u015f ve T\u00dcB\u0130TAK Proje Yazma E\u011fitimiBu etkinli\u011finin temel amac\u0131, t\u0131p fak\u00fcltesi, di\u015f [&hellip;]<\/p>\n","protected":false},"author":1,"featured_media":0,"parent":0,"menu_order":0,"comment_status":"closed","ping_status":"closed","template":"","meta":{"footnotes":""},"class_list":["post-19","page","type-page","status-publish","hentry"],"_links":{"self":[{"href":"https:\/\/erubilim.erciyes.edu.tr\/index.php\/wp-json\/wp\/v2\/pages\/19","targetHints":{"allow":["GET"]}}],"collection":[{"href":"https:\/\/erubilim.erciyes.edu.tr\/index.php\/wp-json\/wp\/v2\/pages"}],"about":[{"href":"https:\/\/erubilim.erciyes.edu.tr\/index.php\/wp-json\/wp\/v2\/types\/page"}],"author":[{"embeddable":true,"href":"https:\/\/erubilim.erciyes.edu.tr\/index.php\/wp-json\/wp\/v2\/users\/1"}],"replies":[{"embeddable":true,"href":"https:\/\/erubilim.erciyes.edu.tr\/index.php\/wp-json\/wp\/v2\/comments?post=19"}],"version-history":[{"count":6,"href":"https:\/\/erubilim.erciyes.edu.tr\/index.php\/wp-json\/wp\/v2\/pages\/19\/revisions"}],"predecessor-version":[{"id":70,"href":"https:\/\/erubilim.erciyes.edu.tr\/index.php\/wp-json\/wp\/v2\/pages\/19\/revisions\/70"}],"wp:attachment":[{"href":"https:\/\/erubilim.erciyes.edu.tr\/index.php\/wp-json\/wp\/v2\/media?parent=19"}],"curies":[{"name":"wp","href":"https:\/\/api.w.org\/{rel}","templated":true}]}}